 number?
True
Is 5184721 prime?
True
Is 2498399537 a prime number?
True
Is 41416337 a composite number?
True
Is 169444835297 a prime number?
False
Is 2558770447 prime?
False
Is 616370333 a prime number?
True
Is 3914035031 prime?
True
Is 20706847999 a prime number?
False
Is 27426412309 prime?
False
Is 47921917541 a prime number?
True
Is 25910317 prime?
False
Is 423546058279 a prime number?
True
Is 40848000317 composite?
False
Is 1463350409 composite?
True
Is 4151108477 a composite number?
True
Is 396906217 composite?
False
Is 604952729 prime?
True
Is 8088978259 prime?
True
Is 1107322229 prime?
False
Is 16225818307 composite?
True
Is 23465291491 a composite number?
True
Is 804035669 prime?
True
Is 77549119 a composite number?
False
Is 17039941169 prime?
True
Is 719511949 a prime number?
False
Is 230561970559 a prime number?
True
Is 159538237 prime?
False
Is 364130401 a composite number?
True
Is 59382259 a prime number?
True
Is 84560776019 prime?
False
Is 262651351 composite?
False
Is 824846807 a composite number?
False
Is 1319245097 prime?
True
Is 2484152933 a composite number?
True
Is 49579608119 prime?
False
Is 407142511 a prime number?
False
Is 2730375953 a prime number?
False
Is 2252914177 a prime number?
True
Is 20540558981 a prime number?
True
Is 3014334163 a prime number?
True
Is 9624386951 a prime number?
True
Is 11972950433 a composite number?
True
Is 179245579021 prime?
False
Is 10250530751 composite?
False
Is 19620824837 a composite number?
True
Is 5599840847 composite?
False
Is 12985478279 prime?
True
Is 10828931977 a prime number?
False
Is 2144471279 composite?
False
Is 342297371 prime?
False
Is 91208261 composite?
False
Is 1416001117 a prime number?
True
Is 308377699 composite?
True
Is 1662409373 composite?
True
Is 322487533 prime?
False
Is 1664239411 a prime number?
False
Is 2954642231 prime?
True
Is 5685965947 a prime number?
False
Is 833681281 a prime number?
True
Is 1888125058 a prime number?
False
Is 4078511537 a prime number?
True
Is 13258366291 a composite number?
False
Is 6228398677 a prime number?
True
Is 8970987019 prime?
True
Is 1628174521 a prime number?
False
Is 19673383471 a composite number?
True
Is 378372667 prime?
True
Is 16317554603 a prime number?
False
Is 38475733 a composite number?
False
Is 1488292261 composite?
False
Is 35850942839 composite?
True
Is 518581099 prime?
True
Is 2746997453 prime?
True
Is 81732838769 composite?
True
Is 23957427419 composite?
False
Is 111089981 prime?
False
Is 102327461 composite?
False
Is 398683699 prime?
True
Is 18542416067 a prime number?
False
Is 2458700938 a composite number?
True
Is 413727581 a composite number?
True
Is 61420153351 a prime number?
False
Is 3633803147 composite?
True
Is 7340806801 a prime number?
False
Is 19047785479 a composite number?
True
Is 111055597 a prime number?
False
Is 3570035461 composite?
True
Is 2704215701 composite?
True
Is 4732065629 prime?
False
Is 2083781993 prime?
True
Is 46365436369 a composite number?
True
Is 5087659363 a composite number?
True
Is 2624945749 prime?
True
Is 2307251053 prime?
True
Is 549139757 a prime number?
True
Is 6665503151 a composite number?
False
Is 7743112439 prime?
True
Is 10502251807 composite?
False
Is 657939187 composite?
False
Is 580408331 a composite number?
False
Is 3411662141 a prime number?
True
Is 3643313579 a prime number?
False
Is 405039718 composite?
True
Is 5499399179 composite?
False
Is 13296381577 prime?
True
Is 1581911999 a prime number?
False
Is 31629337 prime?
True
Is 46086232669 a prime number?
True
Is 8538004997 prime?
True
Is 319530913 a prime number?
False
Is 146824471 prime?
True
Is 428683 composite?
False
Is 14777218579 a prime number?
False
Is 7791782963 composite?
False
Is 23017613681 composite?
True
Is 2423489779 a prime number?
True
Is 3457949819 a composite number?
True
Is 2679452621 prime?
True
Is 192535969 a prime number?
False
Is 7631877389 a composite number?
False
Is 1984191149 a composite number?
True
Is 610585061 prime?
True
Is 12229904879 composite?
False
Is 384260021 composite?
True
Is 435416899 a prime number?
True
Is 63989083 prime?
True
Is 5960704573 a prime number?
False
Is 378450197 prime?
False
Is 42470154707 composite?
False
Is 29085478645 a composite number?
True
Is 5855858353 a composite number?
False
Is 7114352653 a prime number?
False
Is 2379344117 a prime number?
True
Is 1176861181 a composite number?
False
Is 1718172511 a prime number?
False
Is 960172643 prime?
True
Is 1782280603 prime?
False
Is 4661079379 prime?
False
Is 277047739 a composite number?
True
Is 9583543559 a prime number?
False
Is 43342191037 a composite number?
True
Is 1231614577 a prime number?
True
Is 1833998819 a prime number?
True
Is 7223488817 a prime number?
True
Is 9051918503 composite?
False
Is 469522969 composite?
False
Is 9484593043 a prime number?
False
Is 2146118927 a prime number?
True
Is 21942752443 a composite number?
True
Is 404392981 a composite number?
False
Is 2758911277 prime?
False
Is 58653572573 a prime number?
True
Is 118942629439 prime?
False
Is 8468142407 composite?
False
Is 412712633 composite?
False
Is 110899247 prime?
True
Is 18086917349 a prime number?
False
Is 327735059 a prime number?
True
Is 85960947 composite?
True
Is 2521433479 a composite number?
True
Is 339855773 a prime number?
True
Is 48812077367 composite?
True
Is 3582544949 prime?
True
Is 2250757087 a composite number?
False
Is 3880184911 a composite number?
False
Is 1788585677 prime?
False
Is 203057367311 composite?
False
Is 87599081 a prime number?
False
Is 4395665207 prime?
False
Is 2368863619 composite?
False
Is 47628691 a composite number?
True
Is 27224088961 a composite number?
False
Is 5204865803 a composite number?
False
Is 145123789 a composite number?
True
Is 14537314217 composite?
True
Is 79591291363 prime?
True
Is 4941435131 prime?
True
Is 8108033 a composite number?
True
Is 11318844781 a composite number?
False
Is 3312400183 a composite number?
False
Is 1153697291 a prime number?
True
Is 200807015459 a prime number?
True
Is 3740584787 prime?
True
Is 760375559 a prime number?
True
Is 940960123 a prime number?
False
Is 13609974691 a prime number?
True
Is 18671201 prime?
True
Is 20800627387 composite?
False
Is 1864819051 prime?
True
Is 26783495383 a composite number?
False
Is 4342523951 prime?
True
Is 7128194231 composite?
True
Is 5404248781 a prime number?
True
Is 36114645953 a composite number?
False
Is 1676988674 a prime number?
False
Is 2188289993 prime?
True
Is 13963513139 a composite number?
True
Is 1587352361 prime?
False
Is 1174544647 prime?
False
Is 4067147003 a composite number?
False
Is 5630359991 composite?
False
Is 2576109227 a prime number?
False
Is 2666709589 prime?
True
Is 226365277 prime?
True
Is 12261413083 a composite number?
True
Is 671681911 composite?
False
Is 763875467 a composite number?
True
Is 3776221061 composite?
False
Is 884085331 a prime number?
True
Is 61142681863 a prime number?
True
Is 11727997793 composite?
True
Is 82357517 composite?
True
Is 1162617019 a composite number?
False
Is 148506161 composite?
True
Is 329676101 a composite number?
False
Is 2105175091 a composite number?
True
Is 7589180527 a composite number?
True
Is 130223347 a composite number?
True
Is 63709939591 prime?
True
Is 14152441 a composite number?
False
Is 110591103397 composite?
False
Is 467204009 a prime number?
True
Is 6212396951 composite?
False
Is 2032810579 composite?
False
Is 61775743 a composite number?
False
Is 3535510561 a prime number?
False
Is 153935355337 prime?
False
Is 157595494493 a composite number?
True
Is 18152953079 a prime number?
True
Is 123343207219 a prime number?
True
Is 2516356981 a composite number?
False
Is 35192690081 a composite number?
False
Is 15676979237 a composite number?
False
Is 118074587 a composite number?
True
Is 3775162667 composite?
True
Is 1331985111 composite?
True
Is 56711983 composite?
True
Is 23404118977 composite?
True
Is 32900253709 composite?
False
Is 125768371 composite?
False
Is 3948234623 a prime number?
False
Is 1086217543 prime?
False
Is 355966226033 composite?
True
Is 2771203931 a prime number?
True
Is 911582869 prime?
False
Is 2494572379 a prime number?
False
Is 42976231997 composite?
False
Is 18506806661 prime?
False
Is 7653982087 a compo